+ 6. What is the hundreds digit of y(2)?
4
Suppose -4*y + 15*y = 33. Suppose 3*f = -y*f + 252. What is the tens digit of f?
4
Suppose -5344 = 7*h - 11*h. What is the hundreds digit of h?
3
Let f = 86 - 33. Suppose -15 - f = -4*d. What is the tens digit of d?
1
Suppose -2*b + 124 = 22. Suppose -3*j + b = -90. What is the tens digit of j?
4
Let r(g) = g**2 + 2*g + 2. Let y be r(3). Let s(o) = -13*o + 7 + 31*o - y*o. What is the tens digit of s(5)?
1
Let g(z) = -3*z**3 - 10*z**2 - 9*z - 12. Let l be g(-6). Suppose p = -4*p + l. What is the units digit of p?
6
Suppose -3*j = 4*p - 153, 2*j + 43 = p - 2*j. Let v be (52/p)/(1/3). What is the units digit of (34*(-2)/v)/(-1)?
7
Suppose z + 21 = 49. What is the tens digit of (42/z)/(2/36)?
2
Let p be 1/((-33)/12 - -3). Suppose p*w + 244 = 5*c, -2*c - 197 = -6*c + 5*w. What is the tens digit of c?
4
Suppose 4*c = -x + 535, -5*x + 20*c = 23*c - 2607. What is the units digit of x?
9
Let x be (-2)/6 + 1/3. Let z(j) be the third derivative of j**4/24 + j**3/2 + 249*j**2. What is the units digit of z(x)?
3
Let l be 2*(1 + -4)/(-1). Let f = 4 + l. Suppose 2*q + f = x - 34, -4*x - 4*q + 152 = 0. What is the tens digit of x?
4
Suppose 2*t - 16 = 2. Suppose t*y = 5*y - 332. What is the units digit of 1/3 - y/3?
8
Suppose -d - 649 = 19*f - 22*f, -f = 4*d - 238. What is the hundreds digit of f?
2
Let r(s) = -s**3 + 7*s**2 - 6*s + 7. Let w be r(6). Suppose 8 + w = 3*v. Suppose -v*h + 224 - 34 = 0. What is the tens digit of h?
3
Let a be (90/4)/(-4 - (-46)/12). Let g = -77 - a. What is the units digit of g?
8
Suppose 0*u + 3*u = -15. Let k(q) = 3*q**2 - 2*q - 5. Let p be k(u). What is the tens digit of ((-24)/10)/((-6)/p)?
3
Let d(l) = l**3 - 9*l**2 + 9*l - 9. Let p be d(8). Let u be (70/28)/(p/10). Let z = u + 46. What is the units digit of z?
1
Let g = -8 - -8. Suppose 0 = -2*m + 4*m + 2*u, g = 3*m - 4*u. Suppose m = 4*p + c - 114 + 28, -3*p + 76 = -5*c. What is the units digit of p?
2
Suppose -99*r + 90*r + 10071 = 0. What is the hundreds digit of r?
1
Suppose 11*d = 6*d + 620. Suppose -6*u + d = 40. What is the tens digit of u?
1
Let d = -988 - -527. Let j = 688 + d. What is the tens digit of j?
2
Let q(t) = t**3 - 2*t**2 - 5*t - 1. Let a be q(4). Let d = a - 8. What is the units digit of (-6)/(-4) - d/6?
1
What is the units digit of 16439/6 - (-3)/180*-50?
9
Suppose -q = 4*p + 232 - 2144, 3*q + 1928 = 4*p. What is the units digit of p?
9
Let t(q) = 97*q + 2. Let k be t(1). Let i = 156 - k. What is the tens digit of i?
5
Let a = -27 + 14. Let q be a/((-1)/(-2)*-1). Suppose v - 4*u = q, -6 - 40 = -3*v - 4*u. What is the tens digit of v?
1
Let p = -303 - -769. What is the hundreds digit of p?
4
Let u be (3 + (-20)/8)*(1 - 3). Let h(d) = 0*d + d - 68*d**3 - 1 + 2. What is the units digit of h(u)?
8
Let m(r) be the third derivative of r**5/30 - 3*r**4/8 - r**3/2 + 11*r**2. Let i be m(8). Let b = i - 9. What is the units digit of b?
4
Suppose -4*z - 4*o + 4358 = 962, 2*o = 8. What is the units digit of z?
5
Let o = 6822 + -3616. What is the tens digit of o?
0
Let y(r) = -2*r**3 - 36*r**2 + 14*r + 44. What is the units digit of y(-19)?
0
Let l(w) = -3*w**2 - 6*w + 4. Let u be l(-5). Let i(y) = -3*y**2 - 3*y + 4. Let r be i(-3). Let b = r - u. What is the units digit of b?
7
Let s = -4505 + 6531. What is the hundreds digit of s?
0
Suppose -66*j - 17*j = -190153. What is the units digit of j?
1
Let n be (-55 + 55)/(1 + -3*1). Suppose 12*u + n*u - 660 = 0. What is the tens digit of u?
5
Suppose -3*f - 3*d + 3 = 0, d + 2*d = 3*f - 27. Suppose -42 = -3*p + j, 4*j - 3 = f*j. What is the tens digit of p?
1
Let g(f) = f**3 + 9*f**2 - f - 4. Let v be g(-9). Suppose 0 = -2*j - v*o + 423, -3*j - o + 219 = -2*j. Suppose j = 2*k + 2*k. What is the tens digit of k?
5
Suppose 6*k + 17 - 5 = 0. Let o(x) = -21*x**3 - 3. What is the tens digit of o(k)?
6
Let c(i) = -i**2 - 48*i + 77. What is the hundreds digit of c(-16)?
5
Let o(i) = -4*i - 8. Let p be (-4)/(-2)*(0 + 5/(-2)). What is the units digit of o(p)?
2
Let o = 3627 - 2491. What is the thousands digit of o?
1
Suppose -28*j = -48*j + 61540. What is the tens digit of j?
7
Suppose 20*z - 6474 - 5586 = 0. What is the units digit of z?
3
Let l = 943 + -539. What is the units digit of l?
4
Suppose 19 = 3*p - 17. Suppose 5*l + 6*a - 30 = 2*a, 4*l + p = 4*a. Suppose 2*u + u - 73 = l*d, 2*d = -u + 27. What is the units digit of u?
5
Let f(c) = c - 6. Let a be f(0). Let b be 2*15/a*-1. Suppose 4 = h - b. What is the units digit of h?
9
What is the tens digit of ((-550)/30 + 3)/((-2)/33)?
5
Let m = 312 - 250. What is the tens digit of m?
6
Let x(s) = -2*s - 14. Let p be x(-10). What is the tens digit of (14/p - 3)/(5/(-600))?
8
Suppose 3 - 11 = -4*h. Suppose 4*v + 74 = -h*g + 3*g, -g + v = -65. What is the units digit of g?
2
Suppose 0 = 12*u - 67 - 1205. What is the tens digit of u?
0
Let x be -39*2/3*-4. Let f = x + -54. What is the tens digit of f?
5
Let c = 1263 + -558. What is the units digit of c?
5
Let p(k) = -52*k + 18. Let d be p(-3). Suppose 404 = 178*m - d*m. What is the units digit of m?
1
What is the hundreds digit of (50/15 + -2 + -4)*-342?
9
Suppose 5*i + 2*n + 297 = 1165, 4*i - n = 697. What is the units digit of i?
4
Suppose -14*r = -15*r + 527. What is the hundreds digit of r?
5
Let h = -380 - -643. What is the units digit of h?
3
Suppose -22639 - 29333 = -12*h. What is the tens digit of h?
3
Suppose 2*w - 6*w - 12 = 0, -5*w = -5*g - 1485. Let x = 579 + g. What is the tens digit of x?
7
Let z(x) = -2*x - 8. Suppose 3*d = 3*o - 15, 4*d - o + 5 + 12 = 0. Let k = d + -2. What is the units digit of z(k)?
4
Let b be -2 + 26/12 + (-4607)/(-6). What is the units digit of ((-2)/6)/((-16)/b)?
6
Let d = 694 + -143. What is the units digit of d?
1
Let q(t) be the second derivative of 5*t**4/6 - 2*t**3/3 + 2*t**2 + 39*t. What is the hundreds digit of q(-3)?
1
Suppose -c - 1 = 0, 5*c - 423 = -4*s + 92. Suppose -p = -0*p - s. What is the hundreds digit of p?
1
Let a = 33 - 34. What is the units digit of a/((20/155)/(-4))?
1
Let x = -835 + 1973. What is the thousands digit of x?
1
Let z(j) be the second derivative of -j**3/3 + 11*j**2 - 14*j. What is the units digit of z(0)?
2
Let l(t) = -11*t - 8. Let x(c) = -11*c - 9. Let q(m) = 6*l(m) - 5*x(m). Let u = -1 - 3. What is the tens digit of q(u)?
4
Suppose -16 = -5*x + 2*a, -8 - 5 = -2*x + 3*a. What is the tens digit of (1*9)/(x/6)?
2
Let h = 452 - 126. What is the units digit of h?
6
Let o = 103 + 9. Let l = 163 - o. What is the units digit of l?
1
What is the units digit of -5 + 186/36 - (-3647)/6?
8
Let q be ((-2)/4 - 0)*-20. Let k = q + -10. Suppose -3*d - 2*d + 160 = k. What is the tens digit of d?
3
Let d(u) be the third derivative of 0 + 1/3*u**3 + 1/30*u**5 - 1/12*u**4 + 0*u + 2*u**2. What is the units digit of d(2)?
6
Let p(f) be the second derivative of f**4/12 - f**3/3 + f**2/2 - 3*f. What is the units digit of p(3)?
4
Let o(d) = -d**2 + 9*d + 11. Let j be o(10). Let z(w) = -59*w + 1. Let g be z(j). Let f = -15 - g. What is the tens digit of f?
4
Suppose 3*t - 2*u - 2*u = -25, 4*u - 4 = 0. Let i be (-10 + 4 + 0)/(-2). Let b = i - t. What is the tens digit of b?
1
Suppose 0*f = 3*f - 9, 0 = -5*w - f - 1532. Let d = -146 - w. What is the hundreds digit of d?
1
Suppose 0 = 4*u - 7466 - 4494. What is the units digit of u?
0
Suppose 3*u - 3*x + 6 = 0, x = -4*u + 2*x + 4. Let s be (-3 - (-14)/u) + -1. Suppose -4*k + s*g = 5 - 20, 0 = 2*k + 5*g - 27. What is the units digit of k?
6
Suppose 4*s = -s - 15. Let w be -3 - (s - 1) - -4. Suppose -87 = -3*k + w*j, 129 = 5*k - j - 2*j. What is the units digit of k?
4
Suppose -4*n + 68 + 112 = 0. Suppose 4*f - n = 243. Let k = f - 41. What is the tens digit of k?
3
Let q = -539 + 1400. What is the units digit of q?
1
What is the units digit of 1 + (-15)/(-9)*(489 - 0)?
6
Let h = 2134 - 1318. What is the hundreds digit of h?
8
Let l be 8 + 16/(-4) + 0. Suppose z - l = 0, 3*c = 7*c - 3*z + 40. Let m(f) = -f**2 - 12*f - 5. What is the tens digit of m(c)?
3
What is the tens digit of 3 + -210*(-9 - -5)?
4
Let i = -59 - -71. Suppose 0*f + 4*f - 2*t + 48 = 0, 2*t = -4*f - 32. What is the units digit of (i/f + 2)*15?
2
Let p(y) = 6*y**2 + 31*y - 15. What is the hundreds digit of p(8)?
6
Let m(q) 